alse
Does 250 divide 3683805?
False
Does 56 divide 54743584?
True
Does 232 divide 420332032?
True
Is 30216783 a multiple of 57?
True
Is 27 a factor of 47582262?
True
Does 1393 divide 37919203?
False
Is 31136857 a multiple of 557?
True
Is 1712157 a multiple of 4?
False
Does 122 divide 195092152?
True
Is 1326715623 a multiple of 20?
False
Is 425 a factor of 236232505?
False
Is 34688466 a multiple of 306?
True
Is 8390588 a multiple of 163?
True
Does 41 divide 1525287658?
True
Is 18 a factor of 52219078?
False
Is 7141 a factor of 2106419452?
False
Is 1710288706 a multiple of 4046?
True
Is 31 a factor of 37957671?
True
Does 256 divide 123856640?
True
Is 873370888 a multiple of 13?
True
Does 47 divide 1466447?
True
Is 526 a factor of 25169626?
True
Does 574 divide 1038586416?
True
Is 961064424 a multiple of 112?
False
Is 487026744 a multiple of 68?
True
Does 339 divide 2582291820?
True
Is 19 a factor of 1968723?
True
Is 72 a factor of 1116261504?
True
Is 14599847 a multiple of 29?
True
Does 257 divide 7496690?
True
Is 226 a factor of 3931616?
False
Is 1684388409 a multiple of 3643?
True
Does 226 divide 124914494?
True
Does 67 divide 5932?
False
Is 611595760 a multiple of 488?
True
Does 141 divide 1595838?
True
Is 2 a factor of 16561015?
False
Is 249103968 a multiple of 48?
True
Is 12 a factor of 27291780?
True
Is 350416206 a multiple of 747?
True
Does 635 divide 3755258?
False
Is 1930 a factor of 548657205?
False
Is 9 a factor of 155678049?
True
Does 100 divide 10476900?
True
Is 472 a factor of 602813384?
True
Is 1130 a factor of 59622190?
True
Does 26 divide 104555934?
False
Is 29 a factor of 10841480?
False
Is 8 a factor of 16682059?
False
Is 6076989579 a multiple of 168?
False
Does 227 divide 788060464?
True
Does 2528 divide 30563520?
True
Is 1370726862 a multiple of 15?
False
Is 155082037 a multiple of 37?
False
Does 99 divide 364812679?
False
Does 21 divide 5781783?
True
Does 11 divide 8056442?
False
Is 73 a factor of 64142034?
True
Does 102 divide 47597688?
True
Is 731 a factor of 48067636?
True
Is 188 a factor of 3164792?
True
Is 324 a factor of 18531916?
False
Is 949 a factor of 10733426?
False
Is 478 a factor of 33783258?
False
Is 372122334 a multiple of 1227?
False
Does 185 divide 1905930139?
False
Is 35266603 a multiple of 19?
True
Does 22 divide 27697306?
False
Is 1859 a factor of 2852838131?
True
Is 4 a factor of 128468?
True
Is 427411365 a multiple of 5415?
True
Is 982474569 a multiple of 249?
True
Is 3642 a factor of 1290130801?
False
Does 958 divide 68102304?
True
Is 140 a factor of 4985884383?
False
Is 12 a factor of 1236282739?
False
Does 340 divide 109706616?
False
Is 55 a factor of 10802965?
False
Does 110 divide 142938389?
False
Does 9 divide 63536552?
False
Is 594994512 a multiple of 8?
True
Does 37 divide 426827248?
False
Is 431280 a multiple of 72?
True
Is 256611586 a multiple of 8?
False
Does 673 divide 1161069663?
False
Is 32 a factor of 854173667?
False
Is 86180930 a multiple of 10?
True
Is 710386900 a multiple of 77?
False
Is 815 a factor of 194127564?
False
Is 2171111436 a multiple of 13?
True
Is 11 a factor of 18409605?
False
Is 244438461 a multiple of 51?
True
Is 8 a factor of 171257570?
False
Does 23 divide 770485694?
True
Does 128 divide 29814594?
False
Is 701290700 a multiple of 1150?
True
Is 3 a factor of 37029674?
False
Does 1316 divide 177079644?
True
Does 8 divide 1701920?
True
Is 10939377 a multiple of 320?
False
Is 1646 a factor of 77268178?
True
Is 12158772 a multiple of 1882?
False
Does 209 divide 40747184?
False
Does 566 divide 48840753?
False
Is 2893670474 a multiple of 287?
False
Is 77111503 a multiple of 1438?
False
Is 648122795 a multiple of 35?
False
Is 1929 a factor of 3918087334?
False
Does 2883 divide 118010244?
False
Is 349 a factor of 16002340?
False
Is 184 a factor of 33172762?
False
Is 7561722 a multiple of 742?
True
Is 532838255 a multiple of 5?
True
Is 381 a factor of 256260966?
False
Is 1544 a factor of 393403480?
True
Does 1335 divide 521784750?
True
Is 15115572 a multiple of 587?
False
Is 1459 a factor of 14364966?
False
Is 22 a factor of 304695006?
True
Is 474839505 a multiple of 105?
True
Is 5663291 a multiple of 41?
False
Does 790 divide 182651950?
True
Is 82517570 a multiple of 38?
True
Is 8 a factor of 1317678987?
False
Is 597 a factor of 63851816?
False
Does 7 divide 9541340?
False
Is 922924716 a multiple of 21?
True
Is 204412236 a multiple of 1549?
True
Is 317760797 even?
False
Is 1472 a factor of 1488194944?
True
Is 4077 a factor of 460029066?
False
Does 132 divide 199383402?
False
Does 4 divide 39770096?
True
Is 26 a factor of 17754750?
True
Is 104 a factor of 10337808?
True
Does 11 divide 103081451?
True
Is 1566 a factor of 757972188?
True
Is 15 a factor of 76655546?
False
Does 12 divide 1652551?
False
Does 134 divide 42330701?
False
Does 914 divide 178582804?
True
Is 660491555 a multiple of 2352?
False
Does 1233 divide 588695850?
True
Is 2363 a factor of 40575879?
False
Is 16815142 a multiple of 50?
False
Does 3158 divide 244135506?
True
Is 680 a factor of 411236543?
False
Is 499126966 a multiple of 37?
True
Does 6716 divide 338908009?
False
Is 6307048794 a multiple of 90?
False
Is 103 a factor of 256791051?
True
Does 715 divide 17194896?
False
Is 24403008 a multiple of 84?
True
Is 3 a factor of 279283267?
False
Does 23 divide 4151922?
False
Does 92 divide 747647200?
True
Is 4 a factor of 1339623428?
True
Is 23 a factor of 693228050?
True
Does 75 divide 18378750?
True
Does 18 divide 15492798?
True
Is 119 a factor of 1575521251?
False
Does 629 divide 773412410?
False
Is 2 a factor of 2507313?
False
Is 75965520 a multiple of 16?
True
Does 28 divide 73063200?
True
Is 380031589 a multiple of 202?
False
Is 251089433 a multiple of 38?
False
Is 86 a factor of 57902535?
False
Does 626 divide 63741824?
True
Is 108 a factor of 27364947?
False
Is 153300583 even?
False
Does 452 divide 21835900?
False
Is 43107857 a multiple of 194?
False
Is 5882672 a multiple of 61?
False
Does 6277 divide 175058310?
False
Is 23 a factor of 122606447?
False
Does 9 divide 2563677?
True
Does 332 divide 4361753?
False
Does 414 divide 66544635?
False
Is 13 a factor of 155958569?
True
Is 48 a factor of 11347584?
True
Does 6 divide 13568229?
False
Does 11 divide 70061486?
True
Is 193 a factor of 27557923?
False
Is 1639361597 a multiple of 667?
False
Is 28831822 a multiple of 554?
True
Does 63 divide 20014281?
True
Is 5498196 a multiple of 23?
True
Does 72 divide 35458643?
False
Is 354096219 a multiple of 75?
False
Is 17876158 a multiple of 53?
True
Does 401 divide 39133991?
True
Does 224 divide 318278912?
True
Does 10 divide 2534590890?
True
Is 378606960 a multiple of 6480?
True
Does 8 divide 594334782?
False
Does 3 divide 1709625?
True
Is 1292 a factor of 189740536?
True
Is 2255580 a multiple of 135?
True
Is 3057786 a multiple of 9?
True
Is 28557510 a multiple of 31?
True
Is 206 a factor of 40163358?
False
Does 15 divide 1049491965?
True
Is 21 a factor of 1988627744?
False
Does 57 divide 69396652?
False
Does 19 divide 79059219?
False
Is 71305344 a multiple of 11?
True
Is 22 a factor of 27509012?
False
Does 1368 divide 620876376?
True
Is 99358176 a multiple of 1392?
True
Is 8 a factor of 44924063?
False
Is 239 a factor of 37733320?
True
Does 23 divide 1201481479?
False
Is 21 a factor of 169629390?
True
Does 52 divide 10954268?
True
Is 301056774 a multiple of 17?
True
Is 53242740 a multiple of 636?
True
Is 101 a factor of 7312400?
True
Is 849 a factor of 350117412?
True
Is 295 a factor of 465003190?
True
Is 7 a factor of 19409024?
False
Is 4 a factor of 585515141?
False
Is 8701720 a multiple of 166?
True
Does 14 divide 5172761230?
True
Does 4647 divide 677966756?
False
Does 34 divide 24398706?
True
Is 183 a factor of 1192170885?
True
Does 1346 divide 947204428?
True
Does 62 divide 8658954?
False
Does 73 divide 2698294036?
True
Is 27 a factor of 46368882?
True
Is 63 a factor of 15042825?
True
Does 3 divide 117191301?
True
Is 1050554556 a multiple of 18?
True
Does 189 divide 74275473?
False
Does 16 divide 14129136?
True
Is 6903358258 a multiple of 7894?
True
Does 208 divide 28838160?
True
Does 24 divide 595459800?
True
Does 137 divide 57558088?
False
Is 5 a factor of 135011625?
True
Is 120 a factor of 12288532?
Fa